{"id":46,"date":"2014-04-21T16:08:46","date_gmt":"2014-04-21T16:08:46","guid":{"rendered":"http:\/\/forumsystemischeberatung.de\/?page_id=46"},"modified":"2014-06-22T18:14:48","modified_gmt":"2014-06-22T18:14:48","slug":"kontakt","status":"publish","type":"page","link":"https:\/\/forumsystemischeberatung.de\/?page_id=46","title":{"rendered":"Kontakt"},"content":{"rendered":"<p style =\"font-size: 11pt; line-height: 14pt; text-align: left\"><b>Ihr Ansprechpartner<\/b><br \/>\nWenn Sie Fragen haben, sich f\u00fcr eine Mitgliedschaft im Verein Forum Systemische Beratung interessieren, Anregungen weitergeben oder Kritik \u00e4u\u00dfern m\u00f6chten, wenden Sie sich bitte an:<br \/>\nDr. Roland Marr\u00e9<br \/>\nTel.: 0234 32 54 722<br \/>\nE-Mail: <a href=\"mailto:info@ForumSystemischeBeratung.de\">info@ForumSystemischeBeratung.de<\/a><\/p>\n","protected":false},"excerpt":{"rendered":"<p>Ihr Ansprechpartner Wenn Sie Fragen haben, sich f\u00fcr eine Mitgliedschaft im Verein Forum Systemische Beratung interessieren, Anregungen weitergeben oder Kritik \u00e4u\u00dfern m\u00f6chten, wenden Sie sich bitte an: Dr. Roland Marr\u00e9 <a class=\"more-link\" href=\"https:\/\/forumsystemischeberatung.de\/?page_id=46\">Continue Reading &rarr;<\/a><\/p>\n","protected":false},"author":1,"featured_media":0,"parent":0,"menu_order":0,"comment_status":"closed","ping_status":"closed","template":"","meta":{"footnotes":""},"class_list":["post-46","page","type-page","status-publish","hentry"],"_links":{"self":[{"href":"https:\/\/forumsystemischeberatung.de\/index.php?rest_route=\/wp\/v2\/pages\/46","targetHints":{"allow":["GET"]}}],"collection":[{"href":"https:\/\/forumsystemischeberatung.de\/index.php?rest_route=\/wp\/v2\/pages"}],"about":[{"href":"https:\/\/forumsystemischeberatung.de\/index.php?rest_route=\/wp\/v2\/types\/page"}],"author":[{"embeddable":true,"href":"https:\/\/forumsystemischeberatung.de\/index.php?rest_route=\/wp\/v2\/users\/1"}],"replies":[{"embeddable":true,"href":"https:\/\/forumsystemischeberatung.de\/index.php?rest_route=%2Fwp%2Fv2%2Fcomments&post=46"}],"version-history":[{"count":4,"href":"https:\/\/forumsystemischeberatung.de\/index.php?rest_route=\/wp\/v2\/pages\/46\/revisions"}],"predecessor-version":[{"id":289,"href":"https:\/\/forumsystemischeberatung.de\/index.php?rest_route=\/wp\/v2\/pages\/46\/revisions\/289"}],"wp:attachment":[{"href":"https:\/\/forumsystemischeberatung.de\/index.php?rest_route=%2Fwp%2Fv2%2Fmedia&parent=46"}],"curies":[{"name":"wp","href":"https:\/\/api.w.org\/{rel}","templated":true}]}}